[INFO] fetching crate solana-local-cluster 1.3.7...
[INFO] checking solana-local-cluster-1.3.7 against try#72f88fc4e9458f89516a0b8b0868f3718aec5b47 for pr-74989
[INFO] extracting crate solana-local-cluster 1.3.7 into /workspace/builds/worker-4/source
[INFO] validating manifest of crates.io crate solana-local-cluster 1.3.7 on toolchain 72f88fc4e9458f89516a0b8b0868f3718aec5b47
[INFO] running `Command { std: "/workspace/cargo-home/bin/cargo" "+72f88fc4e9458f89516a0b8b0868f3718aec5b47" "read-manifest" "--manifest-path" "Cargo.toml", kill_on_drop: false }`
[INFO] started tweaking crates.io crate solana-local-cluster 1.3.7
[INFO] finished tweaking crates.io crate solana-local-cluster 1.3.7
[INFO] tweaked toml for crates.io crate solana-local-cluster 1.3.7 written to /workspace/builds/worker-4/source/Cargo.toml
[INFO] running `Command { std: "/workspace/cargo-home/bin/cargo" "+72f88fc4e9458f89516a0b8b0868f3718aec5b47" "generate-lockfile" "--manifest-path" "Cargo.toml" "-Zno-index-update", kill_on_drop: false }`
[INFO] running `Command { std: "/workspace/cargo-home/bin/cargo" "+72f88fc4e9458f89516a0b8b0868f3718aec5b47" "fetch" "--locked" "--manifest-path" "Cargo.toml", kill_on_drop: false }`
[INFO] [stderr]     Blocking waiting for file lock on package cache
[INFO] [stderr]  Downloading crates ...
[INFO] [stderr]   Downloaded jsonrpc-derive v14.2.2
[INFO] [stderr]   Downloaded solana-version v1.3.9
[INFO] [stderr]   Downloaded solana-clap-utils v1.3.9
[INFO] [stderr]   Downloaded solana-client v1.3.9
[INFO] [stderr]   Downloaded solana-net-utils v1.3.9
[INFO] [stderr]   Downloaded solana-download-utils v1.3.9
[INFO] [stderr]   Downloaded solana-faucet v1.3.9
[INFO] [stderr]   Downloaded solana-genesis-programs v1.3.9
[INFO] [stderr]   Downloaded solana-banks-interface v1.3.9
[INFO] [stderr]   Downloaded solana-remote-wallet v1.3.9
[INFO] [stderr]   Downloaded solana-exchange-program v1.3.9
[INFO] [stderr]   Downloaded solana-sys-tuner v1.3.9
[INFO] [stderr]   Downloaded solana-core v1.3.9
[INFO] [stderr]   Downloaded solana-streamer v1.3.9
[INFO] [stderr]   Downloaded solana-merkle-tree v1.3.9
[INFO] [stderr]   Downloaded solana-banks-server v1.3.9
[INFO] [stderr]   Downloaded solana-ledger v1.3.9
[INFO] [stderr]   Downloaded solana-vest-program v1.3.9
[INFO] [stderr]   Downloaded solana-storage-bigtable v1.3.9
[INFO] [stderr]   Downloaded solana-bpf-loader-program v1.3.9
[INFO] [stderr]   Downloaded solana-vote-signer v1.3.9
[INFO] running `Command { std: "docker" "create" "-v" "/var/lib/crater-agent-workspace/builds/worker-4/target:/opt/rustwide/target:rw,Z" "-v" "/var/lib/crater-agent-workspace/builds/worker-4/source:/opt/rustwide/workdir:ro,Z" "-v" "/var/lib/crater-agent-workspace/cargo-home:/opt/rustwide/cargo-home:ro,Z" "-v" "/var/lib/crater-agent-workspace/rustup-home:/opt/rustwide/rustup-home:ro,Z" "-e" "SOURCE_DIR=/opt/rustwide/workdir" "-e" "CARGO_TARGET_DIR=/opt/rustwide/target" "-e" "CARGO_HOME=/opt/rustwide/cargo-home" "-e" "RUSTUP_HOME=/opt/rustwide/rustup-home" "-w" "/opt/rustwide/workdir" "-m" "1610612736" "--user" "0:0" "--network" "none" "rustops/crates-build-env@sha256:d92eaeed33fa75130ca1ee6c8a01d1ffb62bac859dfdfb3450e3e5d1c0146529" "/opt/rustwide/cargo-home/bin/cargo" "+72f88fc4e9458f89516a0b8b0868f3718aec5b47" "metadata" "--no-deps" "--format-version=1", kill_on_drop: false }`
[INFO] [stderr] WARNING: Your kernel does not support swap limit capabilities or the cgroup is not mounted. Memory limited without swap.
[INFO] [stdout] c9a7bb2b970721d33d20ef020c275a47a0dd5b6775705906c5bdcf7907837d3e
[INFO] running `Command { std: "docker" "start" "-a" "c9a7bb2b970721d33d20ef020c275a47a0dd5b6775705906c5bdcf7907837d3e", kill_on_drop: false }`
[INFO] running `Command { std: "docker" "inspect" "c9a7bb2b970721d33d20ef020c275a47a0dd5b6775705906c5bdcf7907837d3e", kill_on_drop: false }`
[INFO] running `Command { std: "docker" "rm" "-f" "c9a7bb2b970721d33d20ef020c275a47a0dd5b6775705906c5bdcf7907837d3e", kill_on_drop: false }`
[INFO] [stdout] c9a7bb2b970721d33d20ef020c275a47a0dd5b6775705906c5bdcf7907837d3e
[INFO] running `Command { std: "docker" "create" "-v" "/var/lib/crater-agent-workspace/builds/worker-4/target:/opt/rustwide/target:rw,Z" "-v" "/var/lib/crater-agent-workspace/builds/worker-4/source:/opt/rustwide/workdir:ro,Z" "-v" "/var/lib/crater-agent-workspace/cargo-home:/opt/rustwide/cargo-home:ro,Z" "-v" "/var/lib/crater-agent-workspace/rustup-home:/opt/rustwide/rustup-home:ro,Z" "-e" "SOURCE_DIR=/opt/rustwide/workdir" "-e" "CARGO_TARGET_DIR=/opt/rustwide/target" "-e" "CARGO_INCREMENTAL=0" "-e" "RUST_BACKTRACE=full" "-e" "RUSTFLAGS=--cap-lints=forbid" "-e" "CARGO_HOME=/opt/rustwide/cargo-home" "-e" "RUSTUP_HOME=/opt/rustwide/rustup-home" "-w" "/opt/rustwide/workdir" "-m" "1610612736" "--user" "0:0" "--network" "none" "rustops/crates-build-env@sha256:d92eaeed33fa75130ca1ee6c8a01d1ffb62bac859dfdfb3450e3e5d1c0146529" "/opt/rustwide/cargo-home/bin/cargo" "+72f88fc4e9458f89516a0b8b0868f3718aec5b47" "check" "--frozen" "--all" "--all-targets" "--message-format=json", kill_on_drop: false }`
[INFO] [stdout] 0a5d7bec1c1c0c818f9161a4f3d79a4143e826e86f173c68de3d16ac8975cff9
[INFO] [stderr] WARNING: Your kernel does not support swap limit capabilities or the cgroup is not mounted. Memory limited without swap.
[INFO] running `Command { std: "docker" "start" "-a" "0a5d7bec1c1c0c818f9161a4f3d79a4143e826e86f173c68de3d16ac8975cff9", kill_on_drop: false }`
[INFO] [stderr]     Blocking waiting for file lock on package cache
[INFO] [stderr]    Compiling bitflags v1.2.1
[INFO] [stderr]     Checking arc-swap v0.4.7
[INFO] [stderr]     Checking instant v0.1.6
[INFO] [stderr]     Checking foreign-types-shared v0.1.1
[INFO] [stderr]    Compiling openssl v0.10.30
[INFO] [stderr]    Compiling native-tls v0.2.4
[INFO] [stderr]     Checking openssl-probe v0.1.2
[INFO] [stderr]    Compiling winapi v0.3.9
[INFO] [stderr]    Compiling glob v0.3.0
[INFO] [stderr]     Checking remove_dir_all v0.5.0
[INFO] [stderr]    Compiling either v1.6.0
[INFO] [stderr]    Compiling rayon-core v1.8.0
[INFO] [stderr]    Compiling anyhow v1.0.32
[INFO] [stderr]     Checking arrayref v0.3.6
[INFO] [stderr]    Compiling unicode-xid v0.1.0
[INFO] [stderr]     Checking tower-layer v0.3.0
[INFO] [stderr]     Checking same-file v1.0.6
[INFO] [stderr]    Compiling crc32fast v1.2.0
[INFO] [stderr]    Compiling cfg-if v0.1.10
[INFO] [stderr]    Compiling regex-syntax v0.6.18
[INFO] [stderr]    Compiling libloading v0.6.3
[INFO] [stderr]     Checking vec_map v0.8.2
[INFO] [stderr]     Checking arrayvec v0.5.1
[INFO] [stderr]    Compiling const_fn v0.4.2
[INFO] [stderr]     Checking rustc-hash v1.1.0
[INFO] [stderr]    Compiling version_check v0.1.5
[INFO] [stderr]     Checking strsim v0.8.0
[INFO] [stderr]    Compiling bindgen v0.54.0
[INFO] [stderr]     Checking ansi_term v0.11.0
[INFO] [stderr]     Checking constant_time_eq v0.1.5
[INFO] [stderr]     Checking symlink v0.1.0
[INFO] [stderr]     Checking fs_extra v1.2.0
[INFO] [stderr]    Compiling nix v0.17.0
[INFO] [stderr]     Checking ascii v0.7.1
[INFO] [stderr]     Checking void v1.0.2
[INFO] [stderr]    Compiling num-derive v0.2.5
[INFO] [stderr]     Checking plain v0.2.3
[INFO] [stderr]     Checking safemem v0.3.3
[INFO] [stderr]     Checking language-tags v0.2.2
[INFO] [stderr]     Checking simpl v0.1.0
[INFO] [stderr]     Checking ieee754 v0.2.6
[INFO] [stderr]     Checking static_assertions v1.1.0
[INFO] [stderr]     Checking number_prefix v0.3.0
[INFO] [stderr]     Checking base64 v0.11.0
[INFO] [stderr]     Checking utf-8 v0.7.5
[INFO] [stderr]     Checking indexed v0.1.1
[INFO] [stderr]     Checking lock_api v0.4.1
[INFO] [stderr]    Compiling rayon v1.4.0
[INFO] [stderr]    Compiling standback v0.2.10
[INFO] [stderr]    Compiling nom v5.1.2
[INFO] [stderr]    Compiling time v0.2.19
[INFO] [stderr]     Checking input_buffer v0.3.1
[INFO] [stderr]     Checking futures-channel v0.3.5
[INFO] [stderr]     Checking textwrap v0.11.0
[INFO] [stderr]    Compiling rand v0.6.5
[INFO] [stderr]     Checking rand_core v0.3.1
[INFO] [stderr]     Checking foreign-types v0.3.2
[INFO] [stderr]     Checking walkdir v2.3.1
[INFO] [stderr]    Compiling itertools v0.9.0
[INFO] [stderr]    Compiling itertools v0.8.2
[INFO] [stderr]     Checking fast-math v0.1.1
[INFO] [stderr]    Compiling log v0.4.11
[INFO] [stderr]     Checking trees v0.2.1
[INFO] [stderr]    Compiling memchr v2.3.3
[INFO] [stderr]     Checking idna v0.1.5
[INFO] [stderr]    Compiling thread_local v1.0.1
[INFO] [stderr]     Checking proc-macro2 v0.4.30
[INFO] [stderr]    Compiling unicase v1.4.2
[INFO] [stderr]     Checking rand_isaac v0.1.1
[INFO] [stderr]     Checking rand_xorshift v0.1.1
[INFO] [stderr]     Checking rand_hc v0.1.0
[INFO] [stderr]     Checking signal-hook-registry v1.2.1
[INFO] [stderr]     Checking parking_lot_core v0.8.0
[INFO] [stderr]     Checking parking_lot_core v0.7.2
[INFO] [stderr]     Checking terminal_size v0.1.13
[INFO] [stderr]     Checking termios v0.3.2
[INFO] [stderr]     Checking xattr v0.2.2
[INFO] [stderr]     Checking filetime v0.2.12
[INFO] [stderr]     Checking rpassword v4.0.5
[INFO] [stderr]     Checking rand_os v0.1.3
[INFO] [stderr]     Checking unix_socket2 v0.5.4
[INFO] [stderr]    Compiling atty v0.2.14
[INFO] [stderr]    Compiling which v3.1.1
[INFO] [stderr]     Checking log v0.3.9
[INFO] [stderr]     Checking want v0.2.0
[INFO] [stderr]     Checking users v0.10.0
[INFO] [stderr]     Checking combine v2.5.2
[INFO] [stderr]     Checking base64 v0.10.1
[INFO] [stderr]     Checking hash32 v0.1.1
[INFO] [stderr]     Checking base64 v0.9.3
[INFO] [stderr]    Compiling solana-sdk v1.3.9
[INFO] [stderr]    Compiling solana-vote-program v1.3.9
[INFO] [stderr]    Compiling solana-stake-program v1.3.9
[INFO] [stderr]    Compiling solana-version v1.3.9
[INFO] [stderr]    Compiling solana-runtime v1.3.9
[INFO] [stderr]    Compiling hyper v0.12.35
[INFO] [stderr]    Compiling solana-core v1.3.9
[INFO] [stderr]     Checking bstr v0.2.13
[INFO] [stderr]     Checking rand_chacha v0.1.1
[INFO] [stderr]     Checking dir-diff v0.3.2
[INFO] [stderr]    Compiling clang-sys v0.29.3
[INFO] [stderr]    Compiling aho-corasick v0.7.13
[INFO] [stderr]     Checking solana-rayon-threadlimit v1.3.9
[INFO] [stderr]     Checking futures-cpupool v0.1.8
[INFO] [stderr]     Checking core_affinity v0.5.10
[INFO] [stderr]     Checking clap v2.33.3
[INFO] [stderr]     Checking url v1.7.2
[INFO] [stderr]     Checking parking_lot v0.11.0
[INFO] [stderr]    Compiling quote v0.6.13
[INFO] [stderr]     Checking tar v0.4.30
[INFO] [stderr]     Checking parking_lot v0.10.2
[INFO] [stderr]     Checking crossbeam-channel v0.4.4
[INFO] [stderr]     Checking mime v0.2.6
[INFO] [stderr]     Checking flate2 v1.0.17
[INFO] [stderr]     Checking http v0.1.21
[INFO] [stderr]     Checking string v0.2.1
[INFO] [stderr]     Checking tokio-buf v0.1.1
[INFO] [stderr]     Checking mio-extras v2.0.6
[INFO] [stderr]     Checking rand_pcg v0.2.1
[INFO] [stderr]    Compiling tokio-macros v0.2.5
[INFO] [stderr]    Compiling tracing-attributes v0.1.11
[INFO] [stderr]    Compiling derivative v2.1.1
[INFO] [stderr]    Compiling scroll_derive v0.10.2
[INFO] [stderr]    Compiling async-stream-impl v0.2.1
[INFO] [stderr]    Compiling async-trait v0.1.40
[INFO] [stderr]    Compiling tarpc-plugins v0.8.0
[INFO] [stderr]    Compiling enum-iterator-derive v0.6.0
[INFO] [stderr]    Compiling serial_test_derive v0.4.0
[INFO] [stderr]    Compiling openssl-sys v0.9.58
[INFO] [stderr]    Compiling zstd-sys v1.4.17+zstd.1.4.5
[INFO] [stderr]    Compiling bzip2-sys v0.1.9+1.0.8
[INFO] [stderr]    Compiling libloading v0.5.2
[INFO] [stderr]    Compiling hidapi v1.2.3
[INFO] [stderr]    Compiling blake3 v0.3.6
[INFO] [stderr]    Compiling reed-solomon-erasure v4.0.2
[INFO] [stderr]    Compiling syn v0.15.44
[INFO] [stderr]     Checking once_cell v1.4.1
[INFO] [stderr]    Compiling prost-derive v0.6.1
[INFO] [stderr]     Checking console v0.11.3
[INFO] [stderr]     Checking Inflector v0.11.4
[INFO] [stderr]     Checking globset v0.4.5
[INFO] [stderr]     Checking console v0.12.0
[INFO] [stderr]     Checking sha-1 v0.8.2
[INFO] [stderr]    Compiling time-macros-impl v0.1.1
[INFO] [stderr]     Checking hyper v0.10.16
[INFO] [stderr]    Compiling serde v1.0.116
[INFO] [stderr]     Checking rand v0.7.3
[INFO] [stderr]    Compiling regex v1.3.9
[INFO] [stderr]     Checking tokio v0.2.22
[INFO] [stderr]    Compiling cexpr v0.4.0
[INFO] [stderr]     Checking scroll v0.10.1
[INFO] [stderr]     Checking async-stream v0.2.1
[INFO] [stderr]     Checking http-body v0.1.0
[INFO] [stderr]     Checking h2 v0.1.26
[INFO] [stderr]     Checking serial_test v0.4.0
[INFO] [stderr]     Checking futures-task v0.3.5
[INFO] [stderr]     Checking enum-iterator v0.6.0
[INFO] [stderr]     Checking chrono v0.4.15
[INFO] [stderr]     Checking raptorq v1.4.2
[INFO] [stderr]     Checking tower-discover v0.3.0
[INFO] [stderr]     Checking tower-load-shed v0.3.0
[INFO] [stderr]     Checking tracing v0.1.19
[INFO] [stderr]     Checking indicatif v0.15.0
[INFO] [stderr]     Checking goblin v0.2.3
[INFO] [stderr]     Checking tempfile v3.1.0
[INFO] [stderr]     Checking ws v0.9.1
[INFO] [stderr]     Checking time-macros v0.1.0
[INFO] [stderr]     Checking futures-util v0.3.5
[INFO] [stderr]    Compiling env_logger v0.7.1
[INFO] [stderr]     Checking jsonrpc-core v14.2.0
[INFO] [stderr]     Checking crypto-mac v0.8.0
[INFO] [stderr]     Checking digest v0.9.0
[INFO] [stderr]     Checking tracing-futures v0.2.4
[INFO] [stderr]     Checking dialoguer v0.6.2
[INFO] [stderr]     Checking gag v0.1.10
[INFO] [stderr]     Checking ed25519-dalek v1.0.0-pre.4
[INFO] [stderr]     Checking tiny-bip39 v0.7.3
[INFO] [stderr]     Checking sysctl v0.4.0
[INFO] [stderr]     Checking prost v0.6.1
[INFO] [stderr]     Checking jsonrpc-pubsub v14.2.0
[INFO] [stderr]     Checking jsonrpc-server-utils v14.2.0
[INFO] [stderr]     Checking tokio-util v0.3.1
[INFO] [stderr]     Checking tokio-rustls v0.14.1
[INFO] [stderr]     Checking tower-load v0.3.0
[INFO] [stderr]     Checking tower-timeout v0.3.0
[INFO] [stderr]     Checking tower-buffer v0.3.0
[INFO] [stderr]     Checking tower-make v0.3.0
[INFO] [stderr]     Checking tower-retry v0.3.0
[INFO] [stderr]     Checking tokio-util v0.2.0
[INFO] [stderr]     Checking backoff v0.2.1
[INFO] [stderr]     Checking prost-types v0.6.1
[INFO] [stderr]     Checking jsonrpc-ws-server v14.2.0
[INFO] [stderr]     Checking tower-limit v0.3.1
[INFO] [stderr]     Checking bzip2 v0.3.3
[INFO] [stderr]    Compiling toml v0.5.6
[INFO] [stderr]     Checking smpl_jwt v0.5.0
[INFO] [stderr]     Checking tokio-tls v0.3.1
[INFO] [stderr]     Checking tokio-tls v0.2.1
[INFO] [stderr]     Checking tungstenite v0.10.1
[INFO] [stderr]     Checking websocket-base v0.24.0
[INFO] [stderr]     Checking websocket v0.24.0
[INFO] [stderr]     Checking solana_rbpf v0.1.30
[INFO] [stderr]     Checking jsonrpc-http-server v14.2.0
[INFO] [stderr]     Checking h2 v0.2.6
[INFO] [stderr]     Checking futures-executor v0.3.5
[INFO] [stderr]     Checking tower-util v0.3.1
[INFO] [stderr]     Checking tower-ready-cache v0.3.1
[INFO] [stderr]     Checking futures v0.3.5
[INFO] [stderr]     Checking tower-balance v0.3.0
[INFO] [stderr]    Compiling proc-macro-crate v0.1.5
[INFO] [stderr]     Checking tower v0.3.1
[INFO] [stderr]     Checking tokio-serde v0.6.1
[INFO] [stderr]     Checking jsonrpc-client-transports v14.2.1
[INFO] [stderr]    Compiling dlopen_derive v0.1.4
[INFO] [stderr]     Checking tarpc v0.21.1
[INFO] [stderr]     Checking jsonrpc-core-client v14.2.0
[INFO] [stderr]     Checking dlopen v0.1.8
[INFO] [stderr]    Compiling num_enum_derive v0.5.1
[INFO] [stderr]    Compiling jsonrpc-derive v14.2.2
[INFO] [stderr]     Checking num_enum v0.5.1
[INFO] [stderr]     Checking hyper v0.13.7
[INFO] [stderr]    Compiling librocksdb-sys v6.11.4
[INFO] [stderr]     Checking hyper-rustls v0.21.0
[INFO] [stderr]     Checking hyper-tls v0.4.3
[INFO] [stderr]     Checking tonic v0.3.1
[INFO] [stderr]     Checking reqwest v0.10.8
[INFO] [stderr]     Checking solana-crate-features v1.3.9
[INFO] [stderr]     Checking goauth v0.7.2
[INFO] [stderr] error: could not compile `solana-sdk`.
[INFO] [stderr] 
[INFO] [stderr] Caused by:
[INFO] [stderr]   process didn't exit successfully: `rustc --crate-name solana_sdk --edition=2018 /opt/rustwide/cargo-home/registry/src/github.com-1ecc6299db9ec823/solana-sdk-1.3.9/src/lib.rs --error-format=json --json=diagnostic-rendered-ansi --crate-type lib --emit=dep-info,metadata -C embed-bitcode=no -C debuginfo=2 --cfg 'feature="assert_matches"' --cfg 'feature="byteorder"' --cfg 'feature="chrono"' --cfg 'feature="curve25519-dalek"' --cfg 'feature="default"' --cfg 'feature="ed25519-dalek"' --cfg 'feature="generic-array"' --cfg 'feature="memmap"' --cfg 'feature="rand"' --cfg 'feature="rand_chacha"' --cfg 'feature="serde_json"' --cfg 'feature="skip-no-mangle"' --cfg 'feature="solana-crate-features"' --cfg 'feature="solana-logger"' -C metadata=6282f9eb4032e6c2 -C extra-filename=-6282f9eb4032e6c2 --out-dir /opt/rustwide/target/debug/deps -L dependency=/opt/rustwide/target/debug/deps --extern assert_matches=/opt/rustwide/target/debug/deps/libassert_matches-68dcbdec6e0b45d5.rmeta --extern bincode=/opt/rustwide/target/debug/deps/libbincode-381dfa207ddf5586.rmeta --extern bs58=/opt/rustwide/target/debug/deps/libbs58-f927f1759dd1c4b8.rmeta --extern bv=/opt/rustwide/target/debug/deps/libbv-d40bd0d3d590c60d.rmeta --extern byteorder=/opt/rustwide/target/debug/deps/libbyteorder-bcf0836c3745111a.rmeta --extern chrono=/opt/rustwide/target/debug/deps/libchrono-a22d0bef8c5b8d38.rmeta --extern curve25519_dalek=/opt/rustwide/target/debug/deps/libcurve25519_dalek-a735017c8c9f0362.rmeta --extern ed25519_dalek=/opt/rustwide/target/debug/deps/libed25519_dalek-ec2506991b3cbec4.rmeta --extern generic_array=/opt/rustwide/target/debug/deps/libgeneric_array-f6ca204c0daa4be3.rmeta --extern hex=/opt/rustwide/target/debug/deps/libhex-27d61d600bfaa5ed.rmeta --extern hmac=/opt/rustwide/target/debug/deps/libhmac-594939a1ef885583.rmeta --extern itertools=/opt/rustwide/target/debug/deps/libitertools-834351aa7259ce56.rmeta --extern log=/opt/rustwide/target/debug/deps/liblog-1db056c01870a412.rmeta --extern memmap=/opt/rustwide/target/debug/deps/libmemmap-70d1fd2f15071c98.rmeta --extern num_derive=/opt/rustwide/target/debug/deps/libnum_derive-88b36620c110b780.so --extern num_traits=/opt/rustwide/target/debug/deps/libnum_traits-8380fec8e6273ede.rmeta --extern pbkdf2=/opt/rustwide/target/debug/deps/libpbkdf2-982802d2de095ffb.rmeta --extern rand=/opt/rustwide/target/debug/deps/librand-b452803cc9a70c3b.rmeta --extern rand_chacha=/opt/rustwide/target/debug/deps/librand_chacha-78805fe8b4389d1c.rmeta --extern rustversion=/opt/rustwide/target/debug/deps/librustversion-0432b6c50cdfbcb5.so --extern serde=/opt/rustwide/target/debug/deps/libserde-2a71a6c3636a15ab.rmeta --extern serde_bytes=/opt/rustwide/target/debug/deps/libserde_bytes-fc1fa116e610baff.rmeta --extern serde_derive=/opt/rustwide/target/debug/deps/libserde_derive-84588928978aa347.so --extern serde_json=/opt/rustwide/target/debug/deps/libserde_json-ece086dbd6b35219.rmeta --extern sha2=/opt/rustwide/target/debug/deps/libsha2-0a21367290ffbc2c.rmeta --extern solana_crate_features=/opt/rustwide/target/debug/deps/libsolana_crate_features-e223e18a324995b7.rmeta --extern solana_logger=/opt/rustwide/target/debug/deps/libsolana_logger-eeff97d69c108a88.rmeta --extern solana_sdk_macro=/opt/rustwide/target/debug/deps/libsolana_sdk_macro-54956244761dfdc0.so --extern solana_sdk_macro_frozen_abi=/opt/rustwide/target/debug/deps/libsolana_sdk_macro_frozen_abi-4d7c78e4dae2343e.so --extern thiserror=/opt/rustwide/target/debug/deps/libthiserror-a1c452b3220e515c.rmeta --cap-lints allow --cap-lints=forbid --cfg RUSTC_WITH_SPECIALIZATION -L native=/opt/rustwide/target/debug/build/ring-cfc9a00da6a4cda9/out` (signal: 9, SIGKILL: kill)
[INFO] [stderr] warning: build failed, waiting for other jobs to finish...
[INFO] [stderr] The following warnings were emitted during compilation:
[INFO] [stderr] 
[INFO] [stderr] warning: cc: fatal error: Killed signal terminated program cc1
[INFO] [stderr] warning: compilation terminated.
[INFO] [stderr] 
[INFO] [stderr] The following warnings were emitted during compilation:
[INFO] [stderr] 
[INFO] [stderr] warning: c++: fatal error: Killed signal terminated program cc1plus
[INFO] [stderr] warning: compilation terminated.
[INFO] [stderr] warning: c++: fatal error: Killed signal terminated program cc1plus
[INFO] [stderr] warning: compilation terminated.
[INFO] [stderr] warning: c++: fatal error: Killed signal terminated program cc1plus
[INFO] [stderr] warning: compilation terminated.
[INFO] [stderr] warning: c++: fatal error: Killed signal terminated program cc1plus
[INFO] [stderr] warning: compilation terminated.
[INFO] [stderr] warning: c++: fatal error: Killed signal terminated program cc1plus
[INFO] [stderr] warning: compilation terminated.
[INFO] [stderr] warning: c++: fatal error: Killed signal terminated program cc1plus
[INFO] [stderr] warning: compilation terminated.
[INFO] [stderr] warning: c++: fatal error: Killed signal terminated program cc1plus
[INFO] [stderr] warning: compilation terminated.
[INFO] [stderr] warning: c++: fatal error: Killed signal terminated program cc1plus
[INFO] [stderr] warning: compilation terminated.
[INFO] [stderr] warning: c++: fatal error: Killed signal terminated program cc1plus
[INFO] [stderr] warning: compilation terminated.
[INFO] [stderr] warning: c++: fatal error: Killed signal terminated program cc1plus
[INFO] [stderr] warning: compilation terminated.
[INFO] [stderr] warning: c++: fatal error: Killed signal terminated program cc1plus
[INFO] [stderr] warning: compilation terminated.
[INFO] [stderr] 
[INFO] [stderr] error: build failed
[INFO] running `Command { std: "docker" "inspect" "0a5d7bec1c1c0c818f9161a4f3d79a4143e826e86f173c68de3d16ac8975cff9", kill_on_drop: false }`
[INFO] running `Command { std: "docker" "rm" "-f" "0a5d7bec1c1c0c818f9161a4f3d79a4143e826e86f173c68de3d16ac8975cff9", kill_on_drop: false }`
[INFO] [stdout] 0a5d7bec1c1c0c818f9161a4f3d79a4143e826e86f173c68de3d16ac8975cff9
